{"id":142,"date":"2022-01-21T23:23:50","date_gmt":"2022-01-21T23:23:50","guid":{"rendered":"https:\/\/hitsound.fi\/?post_type=product&#038;p=142"},"modified":"2022-01-22T00:46:09","modified_gmt":"2022-01-22T00:46:09","slug":"cd-mia-joki-aamuruskon-maa","status":"publish","type":"product","link":"https:\/\/hitsound.fi\/index.php\/tuote\/cd-mia-joki-aamuruskon-maa\/","title":{"rendered":"CD Mia Joki &#8216;Aamuruskon maa&#8217;"},"content":{"rendered":"<p>\u2019Aamuruskon maa&#8217; antaa kuulijalle monipuolisen musiikkiel\u00e4myksen. Levyll\u00e4 soi herk\u00e4t balladit, nopeat latinalaisrytmit, aurinkoinen reggae, dramaattinen \u2019mustalaisviulu\u2019 sek\u00e4 jousiorkesterit ja kanteleet. Sanoitukset kertovat tositarinoita el\u00e4v\u00e4st\u00e4 el\u00e4m\u00e4st\u00e4, sek\u00e4 maailman luomisesta. Sanoitukset sis\u00e4lt\u00e4v\u00e4t my\u00f6s koskettavimpia kohtia Raamatusta kuten korinttolaiskirjeen \u2019Rakkaus on pitk\u00e4mielinen, rakkaus on lempe\u00e4\u2026\u2019, sek\u00e4 Jesaja 53.<\/p>\n","protected":false},"excerpt":{"rendered":"<p>.\u00a0 Aamuruskon maa<br \/>\n2.\u00a0 Iankaikkisen el\u00e4m\u00e4n<br \/>\n3.\u00a0 Rakkaus<br \/>\n4.\u00a0 Minun sieluni kiitt\u00e4\u00e4<br \/>\n5.\u00a0 Taivas<br \/>\n6.\u00a0 Luominen<br \/>\n7.\u00a0 Suuri Jumala<br \/>\n8.\u00a0 Tuuli viestin tuo<br \/>\n9.\u00a0 L\u00e4het\u00e4 minut<br \/>\n10. Herra suojele kansaamme<br \/>\n11. \u00c4lk\u00e4\u00e4 murehtiko<br \/>\n12.\u00a0Ett\u00e4 meill\u00e4 rauha olisi<br \/>\n13.\u00a0Valvokaa<\/p>\n","protected":false},"featured_media":143,"template":"","meta":{"spay_email":""},"product_cat":[18],"product_tag":[],"class_list":["post-142","product","type-product","status-publish","has-post-thumbnail","hentry","product_cat-yleinen"],"_links":{"self":[{"href":"https:\/\/hitsound.fi\/index.php\/wp-json\/wp\/v2\/product\/142","targetHints":{"allow":["GET"]}}],"collection":[{"href":"https:\/\/hitsound.fi\/index.php\/wp-json\/wp\/v2\/product"}],"about":[{"href":"https:\/\/hitsound.fi\/index.php\/wp-json\/wp\/v2\/types\/product"}],"wp:featuredmedia":[{"embeddable":true,"href":"https:\/\/hitsound.fi\/index.php\/wp-json\/wp\/v2\/media\/143"}],"wp:attachment":[{"href":"https:\/\/hitsound.fi\/index.php\/wp-json\/wp\/v2\/media?parent=142"}],"wp:term":[{"taxonomy":"product_cat","embeddable":true,"href":"https:\/\/hitsound.fi\/index.php\/wp-json\/wp\/v2\/product_cat?post=142"},{"taxonomy":"product_tag","embeddable":true,"href":"https:\/\/hitsound.fi\/index.php\/wp-json\/wp\/v2\/product_tag?post=142"}],"curies":[{"name":"wp","href":"https:\/\/api.w.org\/{rel}","templated":true}]}}